- 12. List the prime factors of l.
2, 3
Suppose 39 = 3*s + 3*t, -s + 3 = 3*t - 0. List the prime factors of s.
2, 3
Let n(r) = 2*r - 7. Let h be n(5). Suppose -3 = 3*t, -2*m + 1 + 4 = -h*t. What are the prime factors of 2 + -2*m/(-2)?
3
Let i be 4*3*(-2)/(-8). Suppose 0*t - 63 = -i*t. What are the prime factors of t?
3, 7
Let u be 5/4 - (-6)/8. What are the prime factors of (-47)/(-1) - u*1?
3, 5
Let q be (-6)/2 - 21/7. What are the prime factors of 188/12 - 2/q?
2
Suppose -12 = 3*f - 0, 0 = -p - 3*f - 12. Let i be p + 2 + -2 + -7. List the prime factors of (-19)/i + 2/7.
3
Suppose m - 4*a + 5*a - 47 = 0, 42 = m + 2*a. What are the prime factors of m?
2, 13
Let z(d) = -d**2 + 5*d - 5. Let w be z(4). Let h = w - -1. Suppose 48 = -h*a + 4*a. List the prime factors of a.
2, 3
Let b(z) = -z**3 + 8*z**2 + 10*z - 9. Let u be b(9). Suppose u*j = -4*j - 16. Let i = j - -9. List the prime factors of i.
5
Let k(y) be the first derivative of y**2/2 + 11*y - 5. What are the prime factors of k(16)?
3
Let t be 5 - (-3 - -2 - -3). Suppose t*r - 5 = 4*r. Let h = r + 9. What are the prime factors of h?
2
Suppose 0 = 2*s - 2*d - 18, -4*s - 3*d - 1 = -23. Suppose -4*m + s*m = 4*h - 7, -5*m - 7 = -2*h. Let v(n) = 2*n**3 + 1. List the prime factors of v(h).
3
Suppose 2*z - l - 158 = 0, z - 3*z + 158 = 3*l. List the prime factors of z.
79
Let g(l) = 8*l**2 - 8*l - 15. List the prime factors of g(-2).
3, 11
Let v = 102 + -47. What are the prime factors of v?
5, 11
Let m = -2 + -4. Let b = m + 10. Suppose t + 3*t - x - 43 = 0, b*t + 2*x = 58. List the prime factors of t.
2, 3
Let k(m) = -m**3 - 3*m**2 + 4*m - 5 + 1 - 6*m. List the prime factors of k(-4).
2, 5
Let f(v) = 2*v**3 + v**2 - v - 2. Let o be f(-1). List the prime factors of (-2)/(2*o/24).
2, 3
Let g = -1 + 7. Let r(h) = 0*h - 6 - h**3 - 4*h**2 + 2*h - g*h. What are the prime factors of r(-4)?
2, 5
Let j(c) = c**3 + 11*c**2 + 11*c + 13. Let s be j(-10). Suppose s + 2 = 5*v. What are the prime factors of 57/(9/3) + v?
2, 5
Suppose -2*t + 14 = -5*h, 3*h + 16 + 0 = 5*t. Let x be (-8)/6*(-81)/6. List the prime factors of (x/2 - t)/1.
7
Suppose 0 = -4*h + 2*u + 412, -2*h + 3*u + 103 = -h. What are the prime factors of h?
103
Let p = 169 + 31. List the prime factors of p.
2, 5
List the prime factors of 4/(-24) + (-37)/(-6).
2, 3
Let v(r) be the second derivative of -r**5/5 - r**4/12 - r**3/3 - r**2/2 - 4*r. List the prime factors of v(-1).
2
Suppose 5*b = 183 + 187. Let n = b + -44. What are the prime factors of n?
2, 3, 5
Let m(u) = 3*u**2 + u + 6. List the prime factors of m(-5).
2, 19
Let y(p) = 2*p - 3. Let w(l) = -4 - 8*l + 10 + 4 - l**2. Let v be w(-8). What are the prime factors of y(v)?
17
Let w(b) = b**3 + 2*b**2 - 4*b - 1. Let p be w(-3). Let j = -9 - -11. Suppose 5*d - 82 = -3*n, j*d - p*n + 15 = 3*d. What are the prime factors of d?
17
Let n = 588 - 325. What are the prime factors of n?
263
Let d = 176 - 67. What are the prime factors of d?
109
Let n be (-288)/30 - 2/5. What are the prime factors of (-2)/(((-12)/n)/(-3))?
5
Let m(k) = -27*k + 1. Let d be m(-1). Let s = -13 + d. List the prime factors of s.
3, 5
Let i(c) = c**2 + 5*c - 9. Let u be i(-7). Suppose -3*q = -4*p - 7, u*q - 3*p - p - 17 = 0. List the prime factors of 258/15 + (-1)/q.
17
Let h(d) = 31*d - 2. What are the prime factors of h(5)?
3, 17
Let i = 44 + -40. What are the prime factors of i?
2
Let s(k) = -k + 13. What are the prime factors of s(0)?
13
Let r(k) = 0 + 5*k + 3 - 6*k. Suppose -2*o = 2*l + 2*l - 6, 9 = -2*l + 3*o. What are the prime factors of r(l)?
3
Suppose 10*u - 414 = 986. List the prime factors of u.
2, 5, 7
List the prime factors of 31450/102 - (-1)/(-3).
2, 7, 11
Suppose q = a + 3, 3*q - 2*a - 21 = -2*q. Suppose -4*b + q = -3. What are the prime factors of 8*((b - -1) + -2)?
2
Let a(d) = -d**2 - d + 3. Let b be a(0). Suppose -12 = -j - 0*j. Suppose 0 = 5*c - b*c - j. List the prime factors of c.
2, 3
Let x(v) = 6*v**2 - 2*v + 1. Let h be x(1). Suppose -10 = t + 2*p - 5*p, -2*t = -h*p + 16. Suppose 0*b + 16 = t*b. List the prime factors of b.
2
Let z be ((-93)/6)/((-2)/4). Let g = z + -47. Let i = g + 28. What are the prime factors of i?
2, 3
What are the prime factors of (24/28)/((-1)/(-7))?
2, 3
Let m be (0 + 2/3)*18. Let o = -6 + m. What are the prime factors of o?
2, 3
Let g be 2/7 - 1620/(-63). Let k = g - 10. What are the prime factors of k?
2
Let m(q) = 84*q**2 - q + 5. List the prime factors of m(2).
3, 113
Let v = -4 + 22. Let r = v - 12. What are the prime factors of r*2*2/6?
2
Suppose 0 = 2*h - 2*c - c - 76, h - 5*c - 52 = 0. Suppose 3*q = 5*q - h. List the prime factors of q.
2
Let m = 17 - 8. Let w = 3 + m. What are the prime factors of w?
2, 3
Let s(q) = 3*q**2 - q + 6. List the prime factors of s(4).
2, 5
Let y = 84 - 41. List the prime factors of y.
43
List the prime factors of 64 - (-2 - -3 - 1).
2
Suppose 0*s - j - 124 = 4*s, -3*s - 93 = -4*j. Let k = s - -55. List the prime factors of k.
2, 3
Suppose -4*f = -5*i - 2*f + 19, 15 = 5*f. List the prime factors of (-34)/i*20/(-8).
17
Let f = 0 + 4. Suppose -n + f*n = 24. List the prime factors of n.
2
Let t(l) = l**3 - 8*l**2 + 4*l + 1. Let p be t(7). Let m = 4 - p. List the prime factors of m.
2, 3
Let m = -21 + 94. Suppose 5*p - 3*p + 2 = 0, m = 5*g - 3*p. Suppose -g = -3*o + 19. List the prime factors of o.
11
Let y(w) = -2*w**3 + w**2 + w + 1. Let n be y(-1). Suppose 68 = 4*i - 0*i. Suppose -3*v + i = -n*h - h, 4*v - 27 = h. What are the prime factors of v?
7
Let l(x) be the second derivative of -x**5/20 + x**4/3 + x**3/2 - 2*x. What are the prime factors of l(4)?
2, 3
Suppose 105 = 3*l - 0*l. Suppose -d + 6*d = 480. List the prime factors of 10/l - d/(-7).
2, 7
Let u be -8*-2*(-3)/(-12). Suppose -5*c + 34 + 106 = 2*t, 4*c + u*t = 112. Suppose z + z - c = 0. List the prime factors of z.
2, 7
Let d(k) = k**2 + 4*k - 1. Let m be d(-5). Suppose -2*h + 52 = -4*x, 78 = 5*h - x + m*x. What are the prime factors of 4/h + 532/36?
3, 5
Let n(d) = -3*d + 6. Let a be n(6). What are the prime factors of a*3/(-6) - -1?
7
What are the prime factors of 6/(-10) - 4338/(-30)?
2, 3
Let j(f) = 5 + 6*f + 6*f - 10*f + 3*f**2. List the prime factors of j(-3).
2, 13
Let o(h) = 46*h - 16. What are the prime factors of o(4)?
2, 3, 7
Suppose 649 = 3*o - 6*q + q, -689 = -3*o - 5*q. List the prime factors of o.
223
Suppose 2*f = -k + 6, -8*f + 4*f + 12 = 3*k. Suppose k = 2*d - 3*y + 2, -4 = -y - 2. What are the prime factors of (1/3)/(d/90)?
3, 5
Let h = 34 + -17. Let s = -9 + h. Suppose -3*g + 5*g - s = 0. List the prime factors of g.
2
Suppose -3*o + 0*o = 0. Suppose k + o + 2 = 0. List the prime factors of 5/1*(3 + k).
5
Let t be 5*(-3 - 3/(-5)). List the prime factors of 15/(-2)*t/9.
2, 5
Suppose 5*y + 36 = -4*b, -4*b - 1 - 27 = 3*y. Let z = -3 - b. What are the prime factors of z/2 + (-33)/(-6)?
2, 3
Let b be 5 + 1 + (-1 - 0). Suppose 2*s = -3*s - k + 32, -38 = -b*s + k. List the prime factors of s.
7
Let a = 222 - 99. What are the prime factors of a?
3, 41
Let j be -19 - (0/3 - -1). Let v = -8 - j. Suppose 4*n = -4, 3*n = 5*s - 31 - v. List the prime factors of s.
2
Suppose -l = 2*l - 273. Suppose d = f + 14, l = 4*d + d + 2*f. List the prime factors of d.
17
Let m be (6/(-3))/((-1)/2). Suppose -2*x - j + 6 = -1, j + 5 = m*x. List the prime factors of (-3)/(x - -1)*-13.
13
Let t = -39 - -51. What are the prime factors of t?
2, 3
Suppose 0 = 3*b - 12, 0 = g + g - 2*b + 8. Suppose 3*x + 6 - 42 = g. What are the prime factors of x?
2, 3
Suppose 4*t = 2*v - 2, 5*v - 10 = -t + 6*t. Suppose 2*s + 2*a + 3*a = 38, 4*a = v*s - 57. What are the prime factors of s?
19
Suppose -v + 385 = 6*v. What are the prime factors of v?
5, 11
Suppose 0*u + 44 = u. List the prime factors of u.
2, 11
Let q(k) = k**3 + 9*k**2 + 3*k - 6. List the prime factors of q(-6).
2, 3, 7
Let j(t) = -12*t**2 - 3*t - 3. Let p be j(-2). Let i = 64 + p. What are the prime factors of i?
19
Let l(m) = 3*m**3 - 7*m**2 + 9*m - 10. What are the prime factors of l(5)?
5, 47
Suppose -3*g = 3*p + 6, 4*g - g + 4*p = -8. Suppose -m + 6 + 11 = g. What are the prime factors of m?
17
Let n = -36 + 90. What are the prime factors of n?
2, 3
Let o(s) = -s**2 + 8*s - 9. Let l be o(7). Let f = l + 12. List the prime factors o